 1516*i - 161196. Determine b(106).
-500
Let d(q) = -2*q**2 + 14682*q + 1563647. Determine d(-105).
-13
Let y(h) = 2*h**2 + 590*h - 186. Determine y(0).
-186
Let p(x) = -7*x**2 - 1230*x + 4783. What is p(-180)?
-617
Let q(k) = 461434*k + 3230034. Calculate q(-7).
-4
Let r(w) = w**3 - 104*w**2 + 206*w - 95. What is r(102)?
109
Let q(t) = -8*t**3 - 7*t**2 - 663*t - 1978. Give q(-3).
164
Let o(u) = 4*u**3 - 150*u**2 - 3413*u + 123994. Calculate o(39).
13
Let x(o) = -2652*o + 217462. Determine x(82).
-2
Let d(u) = u**3 - 192*u**2 + 7989*u + 134. Determine d(61).
12
Let c(h) = 2340*h - 130. Calculate c(1).
2210
Let s(b) = -42*b**3 + 166*b**2 - 498*b + 16. Determine s(3).
-1118
Let m(j) = -2*j**2 - 263*j + 1630. What is m(6)?
-20
Let g(p) = 2*p**3 + 2721*p**2 - 49621*p - 29. What is g(18)?
61
Let b(q) = -q**2 - 6835*q + 226659. Give b(33).
15
Let a(o) = -3975*o + 227595. Calculate a(57).
1020
Let w(b) = -387*b**2 - 3322*b + 17. Calculate w(-9).
-1432
Let b(d) = 41017*d + 3609501. Give b(-88).
5
Let p(u) = -95*u**3 + 2087*u**2 + 44*u - 191. Determine p(22).
-675
Let v(q) = -3*q**3 - 121*q**2 + 1883*q - 5. What is v(12)?
-17
Let r(c) = -58*c**2 + 10269*c + 10270. Calculate r(-1).
-57
Let s(n) = 9006*n - 71561. Calculate s(8).
487
Let z(x) = 2*x**2 + 45*x - 28622. What is z(-132)?
286
Let y(s) = 10*s**3 + 85*s**2 + 15*s - 5. What is y(-8)?
195
Let b(p) = p**3 + 131*p**2 + 997*p + 154. Determine b(-123).
-1445
Let o(u) = u**2 + 13295*u - 734243. Calculate o(55).
7
Let j(c) = 668*c - 12014. Determine j(18).
10
Let h(x) = -585*x - 18712. Calculate h(-32).
8
Let c(u) = 2748*u - 44569. Calculate c(16).
-601
Let p(o) = 566*o + 20270. What is p(-36)?
-106
Let u(r) = 1531*r - 41404. Give u(27).
-67
Let s(p) = -364*p + 144655. Determine s(396).
511
Let c(b) = -22*b**2 + 674*b + 3168. Give c(35).
-192
Let s(v) = -v**3 + 2436*v**2 + 7309*v - 23. Determine s(-3).
1
Let x(b) = 95792*b - 9004403. What is x(94)?
45
Let g(a) = 740315*a - 2961273. What is g(4)?
-13
Let x(v) = -281*v + 524. What is x(1)?
243
Let s(q) = q**2 - 22*q - 1652. Give s(-46).
1476
Let g(y) = 2*y**3 + 51*y**2 - 284*y + 5. What is g(5)?
110
Let n(a) = 99*a - 7429. What is n(79)?
392
Let c(h) = h**3 - 62*h**2 - 17*h + 2711. What is c(61)?
-2047
Let l(y) = y**3 + 173*y**2 + 582*y + 12267. What is l(-170)?
27
Let j(s) = 2*s**3 - 137*s**2 - 15*s - 1059. Determine j(69).
2667
Let l(r) = 6623*r + 212276. Determine l(-32).
340
Let z(a) = 869569*a + 4347843. Calculate z(-5).
-2
Let o(d) = -d**3 + 26*d**2 + 41*d - 352. What is o(27)?
26
Let n(k) = 205*k**3 - 2256*k**2 - 37*k + 301. What is n(11)?
-227
Let h(q) = q**3 + 54*q**2 - 229*q - 3208. Determine h(-57).
98
Let z(k) = -74*k**2 + 26420*k - 707. What is z(357)?
7
Let v(k) = k**3 + 158*k**2 - 1196*k - 7212. Calculate v(-165).
-447
Let b(k) = k**2 + 1049*k + 195520. What is b(-241)?
792
Let q(c) = -181*c**2 - 3811*c - 93. Give q(-21).
117
Let g(c) = -2*c**2 + 12131*c + 85012. What is g(-7)?
-3
Let f(a) = 2*a**3 + 415*a**2 - 621*a + 1052. Give f(-209).
-202
Let i(q) = -2102*q - 4207. Give i(-2).
-3
Let j(p) = 111627*p - 446481. Give j(4).
27
Let a(l) = -92*l**2 - 303*l + 9. Calculate a(-4).
-251
Let j(c) = -c**2 - 19124*c - 57366. Calculate j(-3).
-3
Let y(h) = -h**3 + 76*h**2 - 340*h - 142. Give y(5).
-67
Let l(y) = 10923*y + 371311. Give l(-34).
-71
Let z(s) = -s**3 - 17*s**2 - 54*s - 80. Calculate z(-10).
-240
Let n(w) = 4*w**3 + 62*w**2 + 150*w + 6. Determine n(-6).
474
Let d(j) = 2246*j - 291943. What is d(130)?
37
Let d(f) = -3275*f + 9625. Determine d(3).
-200
Let h(v) = -10095*v + 81054. Calculate h(8).
294
Let y(o) = 2329*o + 30312. Determine y(-13).
35
Let j(y) = 24*y**2 + 12536*y - 33580. Determine j(-525).
20
Let r(d) = 16628*d + 897908. Determine r(-54).
-4
Let v(f) = 782*f + 12865. What is v(-13)?
2699
Let f(v) = -26189*v + 78559. What is f(3)?
-8
Let x(o) = -o**3 + 44*o**2 + 46*o - 91. Calculate x(45).
-46
Let a(s) = 4*s**2 + 1234*s + 22524. Give a(-289).
-18
Let t(f) = 7*f**3 - 42*f**2 + 291*f - 1701. Determine t(6).
45
Let g(r) = r**3 - 56*r**2 - 128*r - 1930. Calculate g(59).
961
Let f(z) = -4*z - 315. What is f(-6)?
-291
Let n(a) = -207*a + 3592. What is n(18)?
-134
Let d(k) = 147*k**2 + 22601*k - 28520. What is d(-155)?
0
Let n(h) = -632*h + 13332. Calculate n(21).
60
Let d(s) = -3*s**3 + 404*s**2 + 131*s + 542. Determine d(135).
2
Let b(n) = 53*n**2 + 354*n - 2524. Give b(4).
-260
Let x(m) = -2616*m - 269450. What is x(-103)?
-2
Let v(b) = 12*b**2 - 620*b + 7995. Give v(25).
-5
Let o(a) = a**3 - 89*a**2 + 88*a + 221. What is o(88)?
221
Let s(y) = -4*y**2 + 185*y - 1900. Determine s(31).
-9
Let y(j) = 8384*j + 6547897. Give y(-781).
-7
Let d(k) = k**2 + 109854*k - 4835510. Calculate d(44).
2
Let o(u) = 9*u**3 - 6*u**2 - 56*u - 91. What is o(-2)?
-75
Let l(x) = 117*x - 7818. Determine l(66).
-96
Let o(q) = -90209*q - 6946058. Calculate o(-77).
35
Let o(l) = 58*l + 1160. Determine o(-7).
754
Let f(n) = 740*n + 141513. Calculate f(-191).
173
Let p(g) = 2677*g - 2581. What is p(1)?
96
Let r(a) = 4710*a + 33005. What is r(-7)?
35
Let r(q) = -445*q**2 + 174438*q + 793. Determine r(392).
9
Let y(i) = -i**3 + 24*i**2 - 12487*i + 339333. Calculate y(27).
-3
Let l(q) = -2*q**2 - 1085*q - 134555. What is l(-192)?
37
Let s(o) = -o**3 + 69*o**2 - 662*o - 3704. Determine s(56).
-8
Let g(n) = 2*n**2 + 27*n - 943. Give g(19).
292
Let y(h) = 165*h + 8498. Determine y(-52).
-82
Let t(p) = p**3 + 80*p**2 + 16*p + 1161. Give t(-80).
-119
Let c(m) = 2*m**2 - 16443*m + 131389. Calculate c(8).
-27
Let l(f) = 10*f**3 + 2*f**2 + 445*f + 443. Give l(-1).
-10
Let c(i) = 12127*i + 2304120. Give c(-190).
-10
Let f(m) = -3*m**2 - 2557*m + 366499. What is f(125)?
-1
Let m(y) = 6*y**2 + 59*y + 59. Calculate m(-4).
-81
Let p(w) = -263*w + 11766. Give p(41).
983
Let h(r) = r**2 + 286*r - 403168. Give h(508).
184
Let s(v) = v**3 + 24*v**2 + 14*v + 393. Give s(-24).
57
Let v(b) = 2*b**2 - 82*b - 1308. What is v(46)?
-848
Let j(r) = r**3 - 20*r**2 + 7*r - 601. Give j(21).
-13
Let k(j) = -j**2 - 226*j - 12724. What is k(-92)?
-396
Let y(z) = 10639*z - 4127814. Calculate y(388).
118
Let u(q) = -152076*q - 912456. Determine u(-6).
0
Let k(u) = -2*u**3 - 20*u**2 + 18*u - 402. What is k(-12)?
-42
Let h(o) = -4498*o - 368863. What is h(-82)?
-27
Let q(b) = -2194*b + 41786. Give q(19).
100
Let z(m) = m**3 - 17*m**2 + 27*m - 815. What is z(18)?
-5
Let r(u) = -u**3 - 39*u**2 - 240*u - 13210. Calculate r(-41).
-8
Let m(s) = s**3 - 8*s**2 - 25398*s + 203185. Determine m(8).
1
Let y(v) = -6*v**2 - 3086*v + 6195. Calculate y(2).
-1
Let d(j) = -296*j**2 - 2165*j - 657. Determine d(-7).
-6
Let n(y) = 33*y**3 - 650*y**2 - 197*y - 23. Determine n(20).
37
Let r(n) = 161*n + 11481. Calculate r(-70).
211
Let f(w) = w**2 - 2116805*w + 12700783. Determine f(6).
-11
Let n(p) = 736*p**2 - 1406*p - 169. Give n(2).
-37
Let x(d) = -d**3 + 48*d**2 - 520*d + 132. Give x(16).
4
Let s(n) = n**3 - 8*n**2 - 30*n + 198. Determine s(11).
231
Let v(u) = -3*u**3 + 9*u**2 + 147*u + 16. What is v(-12)?
4732
Let u(b) = -9567*b - 296866. Give u(-31).
-289
Let t(l) = 1651*l - 82326. Calculate t(50).
224
Let s(x) = -1471*x + 226547. Give s(154).
13
Let s(k) = 103*k - 2138. Give s(16).
-490
Let f(j) = -36487*j - 1495960. What is f(-41)?
7
Let v(t) = -5453*t**2 - 801593*t - 271. Determine v(-147).
23
Let y(j) = -28455*j + 455267. Give y(16).
-13
Let a(p) = 24*p**2 - 3*p - 190. What is a(0)?
-190
Let d(i) = -4*i**2 + 2183*i - 245055. Give d(158).
3
Let w(g) = -g**3 - 63*g**2 - 997*g + 179. Give w(-27).
854
Let t(y) = -y**3 + 17*y**2 + 602*y - 5824. What is t(-22)?
-192
Let n(m) = 41*m**3 - 2*m**2 - 39*m - 39. What is n(-1)?
-43
Let u(g) = 6920*g**2 + 117641*g + 9. Calculate u(-17).
-8
Let x(v) = -4*v**2 - 509*v - 700. Give x(-126).
-70
Let w(p) = -15*p**2 - 13*p - 26. What is w(-4)?
-214
Let p(j) = -7827*j - 54804. What is p(-7)?
-15
Let f(b) = b**3 - 12*b**2 + 143*b - 1347. Give f(11).
105
Let t(s) = -1252*s**2 + 908950*s + 1454. Calculate t(726).
2
Let o(y) = 1876*y - 122061. Calculate o(65).
-121
Let d(k) = -k**3 + 5*k**2 + 52417*k - 262137. Give d(5).
-52
Let w(d) = d**3 + 53*d**2 - 236*d + 111. What is w(-57)?
567
Let c(r) = -22790*r - 45639. What is c(-2)?
-59
Let w(a) = 2*a**3 + 11*a**2 + 47267*a + 14173